2*i - 5. Suppose 4*r - r = 9. Is n(r) prime?
True
Suppose 5*b - 3*b - 10 = -o, -4*b + 20 = 4*o. Suppose -801 = -5*m + 4*i - b*i, 0 = -2*i - 8. Is m composite?
True
Let z = 49 - 62. Let q(p) = -2*p**2 + 4*p - 4. Let w be q(4). Let n = z - w. Is n a prime number?
True
Let s be 7/(-3) - 1/(-3). Is -2*1*163/s prime?
True
Suppose -6*t = -3*t + 6. Is 1/(t/(-300 - -2)) composite?
False
Suppose 3*l - 5*i + 35 = 0, -4*l + 3*l = -3*i + 13. Let n be 3*l/(-18)*3. Suppose -3*x + q + 229 = -q, n*x - 407 = -3*q. Is x composite?
False
Let m be 2319/3 + 1/(-1). Suppose -5*w + m - 192 = 0. Let g = w + -83. Is g composite?
True
Suppose 2*j - 475 = 187. Is j composite?
False
Let n be ((-14)/(-4))/((-4)/(-168)). Let k be 1/(-2) - 10/(-4). Suppose k*l - n = -l. Is l a composite number?
True
Let w(u) = -u**3 - 9*u**2 - 8*u + 5. Let b be w(-8). Suppose b*f - 7 = 8, 0 = 5*x + f - 1588. Is x prime?
True
Let p be ((-6)/9)/(2/6). Let s be -46*(0 - 1/p). Let a = -13 - s. Is a composite?
True
Suppose 5*q + 4 = 9. Suppose -2*f = -13 - q. Is 10*(f/2 + 2) prime?
False
Suppose -7*p = 16*p - 12673. Is p a prime number?
False
Is (1088997/(-45))/(-7) - (-4)/(-30) prime?
True
Let c = -6 - -8. Suppose d = 3*p + 2*d - 528, -c*p = -5*d - 369. Is p a prime number?
False
Suppose -844 - 467 = -3*h. Is h a composite number?
True
Let s(z) = -z**3 - 3*z**2 - z. Let x be s(-2). Let m(j) = -43*j**3 + 3*j**2 + j + 1. Is m(x) prime?
False
Let r(w) = w**3 + 12*w**2 + 7*w + 7. Let o be r(-5). Suppose o + 1 = -y. Let g = -97 - y. Is g a prime number?
False
Let y be (2/3 - 0)*6. Suppose y*v + 2*z + 3*z = 24, 0 = 5*v + 4*z - 21. Is (2 + -1)*v*149 a composite number?
False
Is (-1)/(4/2648*-2) composite?
False
Suppose 0 = 3*f - 2*f + 7. Let c = f - -6. Is (-3)/(-9)*c*-669 prime?
True
Let a = 9 - 15. Let u = -10 - a. Is 75 - (u + -2 + 4) composite?
True
Let j(b) = -b. Let z be j(0). Is (-44)/(-4) - z/(-2) a prime number?
True
Let n = -9 - -19. Suppose -3 = 3*d - 2*d + 3*h, n = 2*d - 2*h. Suppose d*f = 195 + 96. Is f a prime number?
True
Suppose u + 3*u - 3769 = 5*w, -w + 2822 = 3*u. Is u composite?
False
Suppose f + 16 = d, 2*d + 13 - 45 = -f. Let p be (-2)/7 + d/7. Let h(q) = 2*q**3 - q**2 - 3*q + 1. Is h(p) prime?
True
Let q be (1 - 2) + -4 + 10. Suppose -y - q + 1 = 0. Let r(a) = -15*a - 5. Is r(y) a composite number?
True
Suppose -2*a - 10 = 4*j - 4*a, 2*j - 3*a = -3. Let x = j + 3. Suppose 0*u - u + 7 = x. Is u prime?
True
Let z be -3 + (1 - -162) - 3. Let b = z - -30. Is b a composite number?
True
Suppose u + d = -7 + 16, -3*d - 85 = -5*u. Is u a prime number?
False
Suppose -2 = -2*i, -3*n - i - 76 = -4*n. Is n a prime number?
False
Suppose -14*v + 20530 = -4*v. Is v a prime number?
True
Suppose -3*p + 18 = -3*g, 0 = -0*p - 2*p - 3*g - 3. Suppose 0 = -p*c + 154 - 43. Is c prime?
True
Suppose 1529 = 5*y + d, -y - 2*y = -3*d - 903. Is y a composite number?
True
Let f(s) be the third derivative of -199*s**4/24 + 5*s**3/6 - 5*s**2. Is f(-6) a composite number?
True
Suppose -5*c + 3*x + 503 = 49, 2*x + 6 = 0. Suppose 0 = 2*z - 2*l - 88, 0*l = -2*z + 3*l + c. Is z composite?
False
Let i = -50 + 198. Suppose 8 - i = -2*z. Suppose 0 = 5*u - 3*u - z. Is u a prime number?
False
Let o = -13 + 26. Suppose -2*c + 195 - o = 0. Is c a composite number?
True
Suppose z = 6*z - 630. Let m be (z/8)/(-1)*-16. Suppose 5*n - m = 133. Is n a composite number?
True
Suppose 4*h = 1246 - 18. Is h prime?
True
Let q = -3 - -3. Suppose -p + 4*p + 2*y = 733, q = -3*y - 12. Is p composite?
True
Let p be (-15)/75 + (-32)/(-10). Suppose -2*n + n - 5*w = -346, p*n + 3*w - 1002 = 0. Is n prime?
True
Let q be 3/5*5*1. Suppose -220 = y - q*y. Suppose -2*b - 3*b = -y. Is b a composite number?
True
Let h be (-9)/3*15/9. Let i = h + 454. Is i prime?
True
Let k be (-13)/(((-4)/2)/46). Let q = 488 - k. Is 3/(-6) - q/(-6) prime?
True
Let x = -12 - -169. Is x composite?
False
Suppose -247 = 4*f - 3243. Is f composite?
True
Let k = -10 + 8. Let o be (16/(-20))/(k/(-15)). Let t(u) = -4*u - 9. Is t(o) prime?
False
Let t(g) = -g**2 + 8*g - 4. Let h be t(8). Suppose -2*r + 10 = 3*r. Let v = r - h. Is v composite?
True
Suppose 17 - 5 = 4*x. Is 1/x + (-624)/(-18) a prime number?
False
Suppose 2*q - q + 5*f + 2 = 0, -q = -2*f - 5. Suppose -v - 148 = -q*v. Is v a prime number?
False
Let w be (14 + -1)*6/3. Let s = -4 + w. Is s prime?
False
Suppose v - 12 = -5*v. Suppose -4*l - 5*p + 594 = -v*l, -5*p - 20 = 0. Is l composite?
False
Let j(r) = 2*r**3 - 2*r**2 + 3*r + 6. Let t = 9 + -4. Is j(t) prime?
False
Let c be 0/(3/(0 - 3)). Suppose 2*s - 26 + 6 = c. Is s composite?
True
Let p = 1702 + -957. Is p prime?
False
Let s(h) be the second derivative of -h**5/20 + h**4/2 - h**3/6 - h**2 - 5*h. Is s(4) a prime number?
False
Let r be 1/(2027/(-676) + 3). Suppose r - 174 = 2*s. Is s composite?
False
Let u = -926 + 1575. Is u a prime number?
False
Let b be (-14)/(-4) + 3/(-6). Let u be 55/4 + b/12. Suppose -h = u - 51. Is h a prime number?
True
Let m = -2 + 5. Suppose 0 = m*j - 5*j + 598. Is j a prime number?
False
Let t(b) = 3*b**3 + 9 - 4*b**3 + 3*b**3 - 2*b**2 + 2*b. Is t(4) a prime number?
True
Let k(c) = 18*c**2 - 1. Let w(y) = -53*y**2 + y + 3. Let f(s) = -17*k(s) - 6*w(s). Is f(8) composite?
False
Let v(s) = 29*s**2 + 4*s - 5. Is v(-4) prime?
True
Let n(j) = -j**3 + 3. Let s be n(0). Suppose -u + 4*u - 363 = 5*q, -5*u + 605 = -s*q. Let x = u - 42. Is x prime?
True
Let g be (-2)/(-8) + (-88)/(-32). Let k(s) = s. Let x be k(-3). Is (-23)/(-2 - x/g) a prime number?
True
Let q(z) = 218*z**2 + 4*z - 1. Let r(m) = -436*m**2 - 9*m + 2. Let x(h) = 9*q(h) + 4*r(h). Is x(1) prime?
False
Let a = 15 - -8. Suppose 2*u - a = u. Is u prime?
True
Let r(a) = -4*a**2 - 3*a - 3. Let m be r(-2). Let l = -7 - m. Is l a composite number?
True
Is 1230/4 - 2/4 prime?
True
Let d(w) = -2 - w**2 + 2*w - 1 + 0*w**2. Let k be d(2). Is 5 + k - 7*-7 prime?
False
Let x(n) = -n**3 + 3*n**2 - 4*n + 2. Let u be x(2). Let j = 5 + u. Suppose j*c - 185 = -2*c. Is c composite?
False
Let g(r) = 146*r - 8. Let p be 6/(-2)*(0 + 1). Let f(m) = 73*m - 4. Let d(l) = p*g(l) + 5*f(l). Is d(-3) prime?
True
Suppose 0*w + 166 = 2*w. Let q = w + -43. Let t = q + -5. Is t a composite number?
True
Let j(l) = 158*l**2 - 3*l - 5. Is j(-2) composite?
True
Let g(c) = c**3 - 7*c**2 - 4*c + 11. Let j be g(9). Let u = 62 - j. Let v = -32 - u. Is v a composite number?
False
Suppose 3*w + 4 = 2*w, 0 = n + 5*w + 206. Is 2/(-3)*n/2 prime?
False
Suppose 0 = -4*n - 2*a + 174, -4*n = 5*a - 106 - 53. Is n composite?
True
Suppose 315 + 147 = -v. Suppose -8*x - 1100 = -4*x. Let i = x - v. Is i prime?
False
Suppose 3*g = -2*g + 3*v - 2, 3*v - 20 = -4*g. Suppose s = g*s - 53. Is s a composite number?
False
Let r = -164 + 287. Is r composite?
True
Suppose 5*z = -3*m + 23972, 10899 = 5*z + 5*m - 13071. Suppose -4*n - 1959 = -z. Is n composite?
False
Suppose -o = 4*o - 5575. Is o composite?
True
Is (-1 - 540)/(-7 - -6) a composite number?
False
Suppose 3*f + 151 = 2*j, 3*j + 3*f + 122 - 386 = 0. Is j a composite number?
False
Suppose -3*z + 24 = z. Let k be 2 - (-51)/z*8. Suppose k = 5*h - i, -i + 6*i - 14 = -h. Is h composite?
True
Suppose -3*r = -2*o + 961, -3*o + 2419 = 2*o - 2*r. Is o prime?
False
Let n(j) = -129*j - 74. Is n(-27) a composite number?
True
Suppose -210 = -2*b + 872. Is b a prime number?
True
Suppose 0 = -0*w - 5*w. Suppose 0 = -5*j + x + 333, w = j + j + 3*x - 140. Is j a prime number?
True
Let b(a) = 11*a**2 - 5*a + 5. Is b(3) composite?
False
Is ((-27629)/(-35))/(1/5) composite?
False
Suppose -g + 2213 = 4*p, -4*g = -p - 6*g + 555. Is p prime?
False
Let u be 1*2 - (-6)/6. Suppose 3*l = l - 3*g + 434, 12 = -u*g. Is l composite?
False
Let v(k) = 15*k - 2. Let z be v(3). Let u = 328 + z. Is u prime?
False
Let r(b) = 4*b**2 + 11*b + 9. Is r(-6) a composite number?
True
Let w(v) = 38*v - 1. Is w(1) composite?
False
Let y(d) = -11*d - 2*d**2 - d**2 + 1 + 3 + 4*d**2. Let r be y(10). Is (r/(-9))/(2/111) prime?
True
Is (2 - (-20)/(-8))*-402 a composite number?
True
Let u(r) = 11*r**3 - 4*r**2 - 2*r - 9. Is u(4) composite?
True
Let h be ((-6)/(-5))/((-1)/(-5)). Is -1*(-15)/h*58 a prime number?
False
Let g be (-6)/(-10) + 546/65. Suppose -3*p + 57 = -g. Is p composite?
True
Let r(n) = 2*n**3 - n**2 - 14*n -